14, what is -20b4 - -123?
-1d91
In base 7, what is 145435 - 200?
145235
In base 8, what is 5 - -107601456?
107601463
In base 10, what is -796 - -1936?
1140
In base 5, what is -1021 + 3224220?
3223144
In base 15, what is -35e793 + 4c?
-35e746
In base 8, what is -12621243 - 11?
-12621254
In base 9, what is -18622 + -7555?
-27277
In base 9, what is 4 - -2605806?
2605811
In base 13, what is -7208 + 651?
-6887
In base 4, what is 233112 + -10033332?
-3200220
In base 14, what is 2348 - -4772?
6aba
In base 6, what is 1022315 - 4?
1022311
In base 15, what is 7 + 239550b?
2395513
In base 5, what is -310 + 22201434?
22201124
In base 7, what is -43540 - -11021?
-32516
In base 8, what is -727624 + -15?
-727641
In base 10, what is 5 + 123186194?
123186199
In base 12, what is -57 - 11237b1?
-1123848
In base 6, what is 2 - 2501133133?
-2501133131
In base 16, what is 942d06 + 0?
942d06
In base 5, what is 4 + -4121010141?
-4121010132
In base 4, what is -13 + 11122203012023?
11122203012010
In base 15, what is -3 - -21d0ae3?
21d0ae0
In base 3, what is 0 + 12000001222010?
12000001222010
In base 2, what is 111001100010 + 110101101001?
1101111001011
In base 14, what is 465a1a5 + -1?
465a1a4
In base 2, what is -100110001000 - -10101011010001100?
10100110100000100
In base 2, what is -1 + 101001111001110110011?
101001111001110110010
In base 5, what is -104440313222 + 4?
-104440313213
In base 6, what is -2151 + 2032252?
2030101
In base 7, what is -136426 - -206661?
40232
In base 11, what is -2a625 - -125a9?
-18027
In base 3, what is 20022201002 - -102000?
20100010002
In base 14, what is -c4 + 2087d?
20799
In base 7, what is -151445 - 15223?
-200001
In base 4, what is 1 + 3230302303001?
3230302303002
In base 9, what is -58 + -86818?
-86877
In base 12, what is -1 - 49163a2?
-49163a3
In base 14, what is -83 - 399ab1?
-399b54
In base 8, what is 4537 + -3742?
575
In base 14, what is -45567c4 + 4?
-45567c0
In base 15, what is 1494 + -7542?
-609d
In base 11, what is 3 + -3821805a?
-38218057
In base 3, what is -1001222212011 - 22210?
-1002000011221
In base 6, what is 1133352 + 4101?
1141453
In base 12, what is -604 + -4342b?
-43a33
In base 5, what is -1102140 + 14420?
-1032220
In base 13, what is -79 + 3b1ca?
3b151
In base 10, what is -5935184 + -13?
-5935197
In base 5, what is 102 - -144301023?
144301130
In base 10, what is 3 + 1587843?
1587846
In base 13, what is 961 + 19bb?
264c
In base 13, what is -2ab9 - -93cc?
6613
In base 14, what is -2d971d - 9?
-2d9728
In base 9, what is 514 - 135?
368
In base 15, what is 2dc + 1dca?
21b7
In base 14, what is -5c176 + -d?
-5c185
In base 9, what is -253468163 + -1?
-253468164
In base 2, what is -1111010101101010001010100 - 11100?
-1111010101101010001110000
In base 10, what is 551562 - -3?
551565
In base 8, what is 21323733 - 1?
21323732
In base 10, what is 36821 + -509?
36312
In base 10, what is -6635 - 442?
-7077
In base 13, what is -10419 + 35a?
-1008c
In base 11, what is -2 - -490976?
490974
In base 8, what is 603260435 + 4?
603260441
In base 10, what is 4 - 3766624?
-3766620
In base 16, what is 10c6a + -13?
10c57
In base 12, what is -242485 - 1?
-242486
In base 14, what is -7 + -287639?
-287642
In base 4, what is 102 - 3201122123?
-3201122021
In base 8, what is -16 - 701664?
-701702
In base 5, what is -30340322120 + -3?
-30340322123
In base 12, what is 93 - -a1673?
a1746
In base 10, what is -8462 + 12362?
3900
In base 15, what is -1234db5 + 14?
-1234da1
In base 9, what is -37030415 + 1?
-37030414
In base 4, what is -3002323 - 3221011?
-12230000
In base 16, what is -26bde4d - 5?
-26bde52
In base 5, what is -4031001124 - -10?
-4031001114
In base 16, what is 4c6 + -2178a?
-212c4
In base 5, what is -2314422431 - 10?
-2314422441
In base 8, what is -24206 + 540?
-23446
In base 10, what is -829 - -19754?
18925
In base 11, what is 1 - 47078111?
-47078110
In base 13, what is 12 - 17458b?
-174579
In base 16, what is 2 - 63b633?
-63b631
In base 13, what is -534 - -154c7?
14c93
In base 10, what is -631 - 1713592?
-1714223
In base 10, what is -9919 - 58?
-9977
In base 13, what is -5 + b095b?
b0956
In base 13, what is 5c - 11a1c?
-11990
In base 16, what is -aa73 - -25?
-aa4e
In base 7, what is 21 + 3550366?
3550420
In base 11, what is 10558893 + -16?
10558878
In base 6, what is 4 - -14123413214?
14123413222
In base 16, what is -14c1f - -47?
-14bd8
In base 11, what is 13 - 59a5307?
-59a52a4
In base 16, what is 4 + c2978e?
c29792
In base 6, what is -4003 - -10423?
2420
In base 13, what is -5 + -45463c6?
-45463cb
In base 2, what is 11001100101010000 - -1000110?
11001100110010110
In base 12, what is 0 - 446023b?
-446023b
In base 9, what is -406683 + -1485?
-408278
In base 16, what is -174 + 893b?
87c7
In base 12, what is -23409a + 766?
-233534
In base 9, what is -18 - -37248851?
37248832
In base 8, what is 12526 + -231?
12275
In base 14, what is -97dd4 - -b?
-97dc7
In base 6, what is -1 - -4124320?
4124315
In base 13, what is -351b8 + ba?
-350cb
In base 7, what is 36320052 - 2064?
36314655
In base 5, what is -1414030203030 - -4?
-1414030203021
In base 13, what is 38b96a - 5?
38b965
In base 7, what is 310 - 1121340?
-1121030
In base 4, what is 11 - 120011030013?
-120011030002
In base 11, what is -6338671 - 1?
-6338672
In base 4, what is -11120222221 + -311?
-11120223132
In base 2, what is -111001001100111 - 100101101?
-111001110010100
In base 5, what is -4411440103024 - 1?
-4411440103030
In base 2, what is -1110000101111000010 - 100001?
-1110000101111100011
In base 2, what is 1 - -11111011110101101010010?
11111011110101101010011
In base 6, what is 344152 + 205?
344401
In base 10, what is 50 + 187917?
187967
In base 13, what is 1987 + -1740?
247
In base 2, what is 1000111100000101101100 - 101011?
1000111100000101000001
In base 11, what is -37a + a0792?
a0413
In base 3, what is 12 + -1200101202012001?
-1200101202011212
In base 12, what is 7 - -964619?
964624
In base 7, what is 555 - 56103?
-55215
In base 10, what is -6 - -14759?
14753
In base 3, what is -101000200 - -121220?
-100101210
In base 8, what is -1472 - -145706?
144214
In base 9, what is 682461 - 7?
682453
In base 2, what is -100010101100100101101 + 10?
-100010101100100101011
In base 6, what is 14155035112 - -4?
14155035120
In base 14, what is -8d + 3659?
35aa
In base 4, what is -3300323303 + -10132?
-3301000101
In base 13, what is a529 - 1c0?
a339
In base 11, what is -126169 + 1510?
-124759
In base 5, what is 141 + -120001242?
-120001101
In base 5, what is 1101203 - -31043?
1132301
In base 7, what is 23406 + -1260?
22116
In base 9, what is 7310547 - -1?
7310548
In base 8, what is -4743607 + -4?
-4743613
In base 11, what is 5 - -1878636?
1878640
In base 2, what is 10110 - 10111000101011110111?
-10111000101011100001
In base 2, what is 10010101100 - -111010101110011100?
111011000001001000
In base 11, what is -603 - -20144?
1a641
In base 11, what is -19 + -4125507?
-4125525
In base 14, what is 11 + -3244?
-3233
In base 10, what is -8331148 + -135?
-8331283
In base 14, what is 58b + -363?
228
In base 14, what is -d + -cadc06?
-cadc15
In base 2, what is 1010010011011011 + -10011011?
1010010001000000
In base 3, what is -10 - -122002010212001?
122002010211221
In base 14, what is -21 + 21253d?
21251c
In base 12, what is -44878aa - -32?
-4487878
In base 2, what is 10110101101011011101000 - -10011?
10110101101011011111011
In base 2, what is -1 - -100010100010101101010?
100010100010101101001
In base 16, what is -22 + 54bd9?
54bb7
In base 8, what is -4353161 + 4?
-4353155
In base 7, what is -52653 + -306510?
-362463
In base 2, what is 1100110101100010100011 - 1111?
1100110101100010010100
In base 2, what is -100000101100 + 10011111001110001?
10011011001000101
In base 7, what is 5030303420 - 0?
5030303420
In base 14, what is -1 - 221ba19?
-221ba1a
In base 7, what is -4 + 13661500?
13661463
In base 10, what is -2483355 - -384?
-2482971
In base 5, what is -2 - 101240440344?
-101240440401
In base 4, what is 33311323113 - -1321?
33311331100
In base 14, what is a - -719806?
719812
In base 12, what is 30748 + 21?
30769
In base 4, what is 10 - -13121022030?
13121022100
In base 13, what is -12c7c80cb - -2?
-12c7c80c9
In base 16, what is -5fbd0 - -4b?
-5fb85
In base 4, what is 3 + -20300311312311?
-20300311312302